 base 3?
100102110100202
-6578879 (base 10) to base 16
-6462bf
Convert 1101000011100 (base 2) to base 8.
15034
Convert -16b781 (base 16) to base 11.
-927597
Convert -35632436 (base 7) to base 6.
-151521512
2121102211222 (base 3) to base 4
11102133101
-be8ce (base 16) to base 3
-1110122122012
Convert 1000010100011011101 (base 2) to base 15.
55b8a
What is 217030 (base 8) in base 6?
1323024
What is 3937032 (base 10) in base 16?
3c1308
Convert -20466143 (base 9) to base 13.
-2069742
What is -2000110011122 (base 3) in base 8?
-4055213
What is -de121 (base 16) in base 5?
-213101401
What is 2431435 (base 6) in base 2?
11111011010101111
What is -10401243 (base 7) in base 8?
-3314553
-1332651 (base 8) to base 6
-12004201
Convert -5774a35 (base 11) to base 10.
-10094221
Convert 7871b3 (base 15) to base 8.
25724003
What is 110012312230 (base 4) in base 13?
1127212
What is 5ca38 (base 16) in base 7?
3140156
Convert 111211200 (base 5) to base 10.
491425
443100 (base 7) to base 9
127776
What is -10000101011011110001 (base 2) in base 11?
-34369a
What is -394751 (base 11) in base 16?
-97a5d
Convert 110101100011000101101 (base 2) to base 14.
339657
Convert 418e6 (base 16) to base 10.
268518
-510002 (base 7) to base 5
-10231223
What is -1022303112 (base 4) in base 12?
-129386
160844 (base 12) to base 7
3116461
-4820140 (base 10) to base 3
-100001212222201
Convert -8003706 (base 9) to base 11.
-2446345
What is -495919 (base 16) in base 5?
-2212310222
Convert -120123131303 (base 4) to base 8.
-30333563
What is 255311502 (base 6) in base 10?
5017214
Convert -301040300 (base 7) to base 11.
-991a293
Convert -363755 (base 8) to base 2.
-11110011111101101
-b80dd9 (base 14) to base 8
-27600323
Convert -595972 (base 12) to base 2.
-101011111110000100110
2001343 (base 7) to base 14
61d23
What is -204343152 (base 6) in base 9?
-6648075
What is -3324012030 (base 5) in base 10?
-7250890
74232a (base 14) to base 15
527c66
What is -3b9c (base 15) in base 6?
-135003
What is 1038bc7 (base 13) in base 16?
4b41fa
What is 53a167 (base 13) in base 5?
1000324442
Convert -350a34 (base 12) to base 15.
-11c521
Convert b44b1 (base 15) to base 5.
121241231
Convert 36b143 (base 12) to base 13.
2521c5
-20224331 (base 5) to base 12
-7b131
What is -132479 (base 12) in base 3?
-121000022210
Convert 11021525 (base 6) to base 10.
329597
Convert 32023122 (base 4) to base 10.
58074
What is 12023453 (base 6) in base 3?
201010200120
102013130 (base 5) to base 11
269819
What is 4422001321 (base 5) in base 6?
540543451
-1011000110000011101 (base 2) to base 16
-58c1d
What is -b696 (base 15) in base 4?
-21123120
Convert -14115052 (base 6) to base 5.
-110223434
Convert -3658525 (base 10) to base 16.
-37d31d
Convert 522224 (base 8) to base 14.
4719a
786544 (base 9) to base 2
1110010111001111010
Convert 218a9d (base 15) to base 4.
12012110311
What is -5dff9 (base 16) in base 15?
-7912c
What is 25731 (base 13) in base 3?
10112002210
1621324 (base 8) to base 13
134b36
-3424021 (base 5) to base 10
-61136
Convert 256364 (base 9) to base 7.
1215403
Convert -39145 (base 12) to base 15.
-18172
What is -43bb60 (base 14) in base 2?
-1000110001010001011000
256050 (base 7) to base 4
23221200
Convert 270de6 (base 16) to base 8.
11606746
What is -1002200313 (base 5) in base 14?
-39b696
What is 72881 (base 10) in base 9?
120868
-632677 (base 8) to base 12
-a18a7
747993 (base 13) to base 16
29a94b
Convert -2562948 (base 11) to base 8.
-20737732
-11243020 (base 5) to base 11
-70332
What is -b4896 (base 13) in base 14?
-8633c
-522330415 (base 6) to base 7
-140111216
7731b (base 13) to base 4
310230131
What is 2221123320 (base 4) in base 5?
134202013
What is -11120002 (base 5) in base 16?
-17f4f
Convert -13b940c (base 14) to base 10.
-9591076
-24040042 (base 9) to base 6
-1055053532
-70b12 (base 16) to base 6
-13520550
Convert -68c7c3 (base 14) to base 3.
-20201022101200
What is -120130200100 (base 4) in base 14?
-bcb4d2
Convert -350044455 (base 6) to base 16.
-6256d3
Convert -8860 (base 16) to base 15.
-a527
Convert 353806 (base 9) to base 7.
1544250
-1106e0 (base 16) to base 11
-6a240a
Convert 11001100100000101 (base 2) to base 7.
614163
What is -1080592 (base 10) in base 3?
-2000220021221
212020210000121 (base 3) to base 2
101111001000101111010110
Convert -4000024121 (base 5) to base 2.
-11101110011110010001110
Convert -188b (base 16) to base 9.
-8551
What is -4531341 (base 6) in base 14?
-5da21
What is 47614d (base 14) in base 10?
2436937
Convert -1310333000 (base 4) to base 7.
-4033664
What is -100111100100000001111 (base 2) in base 10?
-1296399
Convert -3364225 (base 7) to base 9.
-708107
Convert -2100023 (base 4) to base 15.
-2b02
Convert -201130212 (base 5) to base 4.
-3003302030
What is -31131555 (base 7) in base 5?
-1132103131
What is 241671 (base 10) in base 11?
155631
What is 1230310203 (base 5) in base 8?
13271763
What is 9a7baa (base 15) in base 4?
130012203211
1775b (base 16) to base 4
113131123
Convert b2dd3 (base 16) to base 2.
10110010110111010011
What is -161fb (base 16) in base 8?
-260773
-4103034043 (base 5) to base 6
-452513314
What is 3431024 (base 7) in base 6?
13100135
What is -543520 (base 8) in base 15?
-38e4b
1006693 (base 10) to base 16
f5c65
What is -1313111132 (base 5) in base 2?
-1100011010011010011101
Convert -2201201012 (base 3) to base 16.
-d1e7
143256 (base 15) to base 7
11160240
Convert -529244 (base 12) to base 5.
-313122044
-26a55 (base 15) to base 3
-20021212022
What is -3901cb (base 13) in base 9?
-2520016
What is -343448 (base 10) in base 5?
-41442243
-88cb3a (base 13) to base 5
-1311231404
101010001101110001 (base 2) to base 15
36378
What is -164181 (base 9) in base 14?
-28dad
What is c16735 (base 14) in base 6?
351311431
2200110230 (base 4) to base 10
656684
121216 (base 8) to base 3
2010002021
What is 24503034 (base 6) in base 11?
497628
What is 19a3d3 (base 16) in base 11?
a48511
Convert 57a1d (base 14) to base 5.
23311100
-132221030 (base 4) to base 7
-1031636
-1894c (base 15) to base 6
-1413030
Convert -1497b7 (base 16) to base 11.
-841a42
Convert -1c49a3 (base 15) to base 9.
-2536450
Convert -1110101010110111 (base 2) to base 4.
-32222313
What is 4253362 (base 9) in base 7?
25241522
What is -147284 (base 9) in base 13?
-3233b
What is 122320 (base 7) in base 8?
53670
-320000121 (base 4) to base 9
-378610
Convert -305552 (base 7) to base 5.
-3134133
6f79 (base 16) to base 14
a585
What is -4aa8a1 (base 13) in base 2?
-110110110000010111011
Convert 11111100010100010010 (base 2) to base 8.
3742422
What is -12a0023 (base 15) in base 11?
-7633423
What is 4c1175 (base 13) in base 10?
1830366
Convert 6417225 (base 8) to base 5.
414234030
What is -99477 (base 10) in base 11?
-68814
Convert 11021310230 (base 5) to base 4.
231121130102
Convert 124400442 (base 5) to base 6.
21155341
Convert 2383 (base 16) to base 14.
3455
What is -53219 (base 12) in base 6?
-2201233
Convert -2577562 (base 8) to base 11.
-452571
Convert -46102261 (base 8) to base 13.
-20bc781
Convert 11502450 (base 7) to base 4.
3322201200
Convert -20414423 (base 5) to base 13.
-5c4b0
What is 7781a (base 13) in base 8?
647151
Convert 5608348 (base 9) to base 13.
818696
Convert 13122011111 (base 4) to base 11.
1106a34
What is 4563661 (base 8) in base 9?
2287473
Convert -20210021001101 (base 3) to base 16.
-370a59
10100111100101111101 (base 2) to base 5
133431321
302321210 (base 4) to base 6
4245112
Convert -205738 (base 9) to base 12.
-5a975
Convert 110311022102 (base 4) to base 15.
72ce6b
Convert 3330362 (base 8) to base 2.
11011011000011110010
59931 (base 11) to base 10
86307
What is 2021130022 (base 5) in base 12?
144ab15
Convert -101111110111001000101 (base 2) to base 11.
-981340
-78448 (base 11) to base 4
-123300013
Convert 61027220 (base 8) to base 11.
7291700
4893416 (base 10) to base 16
4aaae8
Convert -3201233210 (base 4) to base 13.
-264b36
Convert 1b9989 (base 12) to base 8.
1704471
What is -95394 (base 10) in base 12?
-47256
Convert 232141111 (base 5) to base 7.
11642653
Convert -42033 (base 8) to base 2.
-100010000011011
4213123 (base 5) to base 12
34478
Convert -132002211 (base 4) to base 16.
-1e0a5
110112222020220 (base 3) to base 11
384784a
What is -30524 (base 10) in base 6?
-353152
What is 3412421042 